{"id":673,"date":"2023-06-27T08:38:02","date_gmt":"2023-06-27T08:38:02","guid":{"rendered":"https:\/\/whitesmoke-woodcock-628086.hostingersite.com\/?page_id=673"},"modified":"2024-04-17T17:50:45","modified_gmt":"2024-04-17T17:50:45","slug":"cocina-vintage-cafeteras","status":"publish","type":"page","link":"https:\/\/newvintage.es\/index.php\/cocina-vintage-cafeteras\/","title":{"rendered":"Cocina Vintage &#8211; Cafeteras"},"content":{"rendered":"\t\t<div data-elementor-type=\"wp-page\" data-elementor-id=\"673\" class=\"elementor elementor-673\" data-elementor-post-type=\"page\">\n\t\t\t\t\t\t<section class=\"elementor-section elementor-top-section elementor-element elementor-element-4a3f2e3 elementor-section-boxed elementor-section-height-default elementor-section-height-default\" data-id=\"4a3f2e3\" data-element_type=\"section\" data-e-type=\"section\" data-settings=\"{&quot;background_background&quot;:&quot;classic&quot;,&quot;shape_divider_top&quot;:&quot;wave-brush&quot;,&quot;shape_divider_bottom&quot;:&quot;wave-brush&quot;}\">\n\t\t\t\t\t\t\t<div class=\"elementor-background-overlay\"><\/div>\n\t\t\t\t\t\t<div class=\"elementor-shape elementor-shape-top\" aria-hidden=\"true\" data-negative=\"false\">\n\t\t\t<svg xmlns=\"http:\/\/www.w3.org\/2000\/svg\" viewBox=\"0 0 283.5 27.8\" preserveAspectRatio=\"none\">\n\t<path class=\"elementor-shape-fill\" d=\"M283.5,9.7c0,0-7.3,4.3-14,4.6c-6.8,0.3-12.6,0-20.9-1.5c-11.3-2-33.1-10.1-44.7-5.7\ts-12.1,4.6-18,7.4c-6.6,3.2-20,9.6-36.6,9.3C131.6,23.5,99.5,7.2,86.3,8c-1.4,0.1-6.6,0.8-10.5,2c-3.8,1.2-9.4,3.8-17,4.7\tc-3.2,0.4-8.3,1.1-14.2,0.9c-1.5-0.1-6.3-0.4-12-1.6c-5.7-1.2-11-3.1-15.8-3.7C6.5,9.2,0,10.8,0,10.8V0h283.5V9.7z M260.8,11.3\tc-0.7-1-2-0.4-4.3-0.4c-2.3,0-6.1-1.2-5.8-1.1c0.3,0.1,3.1,1.5,6,1.9C259.7,12.2,261.4,12.3,260.8,11.3z M242.4,8.6\tc0,0-2.4-0.2-5.6-0.9c-3.2-0.8-10.3-2.8-15.1-3.5c-8.2-1.1-15.8,0-15.1,0.1c0.8,0.1,9.6-0.6,17.6,1.1c3.3,0.7,9.3,2.2,12.4,2.7\tC239.9,8.7,242.4,8.6,242.4,8.6z M185.2,8.5c1.7-0.7-13.3,4.7-18.5,6.1c-2.1,0.6-6.2,1.6-10,2c-3.9,0.4-8.9,0.4-8.8,0.5\tc0,0.2,5.8,0.8,11.2,0c5.4-0.8,5.2-1.1,7.6-1.6C170.5,14.7,183.5,9.2,185.2,8.5z M199.1,6.9c0.2,0-0.8-0.4-4.8,1.1\tc-4,1.5-6.7,3.5-6.9,3.7c-0.2,0.1,3.5-1.8,6.6-3C197,7.5,199,6.9,199.1,6.9z M283,6c-0.1,0.1-1.9,1.1-4.8,2.5s-6.9,2.8-6.7,2.7\tc0.2,0,3.5-0.6,7.4-2.5C282.8,6.8,283.1,5.9,283,6z M31.3,11.6c0.1-0.2-1.9-0.2-4.5-1.2s-5.4-1.6-7.8-2C15,7.6,7.3,8.5,7.7,8.6\tC8,8.7,15.9,8.3,20.2,9.3c2.2,0.5,2.4,0.5,5.7,1.6S31.2,11.9,31.3,11.6z M73,9.2c0.4-0.1,3.5-1.6,8.4-2.6c4.9-1.1,8.9-0.5,8.9-0.8\tc0-0.3-1-0.9-6.2-0.3S72.6,9.3,73,9.2z M71.6,6.7C71.8,6.8,75,5.4,77.3,5c2.3-0.3,1.9-0.5,1.9-0.6c0-0.1-1.1-0.2-2.7,0.2\tC74.8,5.1,71.4,6.6,71.6,6.7z M93.6,4.4c0.1,0.2,3.5,0.8,5.6,1.8c2.1,1,1.8,0.6,1.9,0.5c0.1-0.1-0.8-0.8-2.4-1.3\tC97.1,4.8,93.5,4.2,93.6,4.4z M65.4,11.1c-0.1,0.3,0.3,0.5,1.9-0.2s2.6-1.3,2.2-1.2s-0.9,0.4-2.5,0.8C65.3,10.9,65.5,10.8,65.4,11.1\tz M34.5,12.4c-0.2,0,2.1,0.8,3.3,0.9c1.2,0.1,2,0.1,2-0.2c0-0.3-0.1-0.5-1.6-0.4C36.6,12.8,34.7,12.4,34.5,12.4z M152.2,21.1\tc-0.1,0.1-2.4-0.3-7.5-0.3c-5,0-13.6-2.4-17.2-3.5c-3.6-1.1,10,3.9,16.5,4.1C150.5,21.6,152.3,21,152.2,21.1z\"\/>\n\t<path class=\"elementor-shape-fill\" d=\"M269.6,18c-0.1-0.1-4.6,0.3-7.2,0c-7.3-0.7-17-3.2-16.6-2.9c0.4,0.3,13.7,3.1,17,3.3\tC267.7,18.8,269.7,18,269.6,18z\"\/>\n\t<path class=\"elementor-shape-fill\" d=\"M227.4,9.8c-0.2-0.1-4.5-1-9.5-1.2c-5-0.2-12.7,0.6-12.3,0.5c0.3-0.1,5.9-1.8,13.3-1.2\tS227.6,9.9,227.4,9.8z\"\/>\n\t<path class=\"elementor-shape-fill\" d=\"M204.5,13.4c-0.1-0.1,2-1,3.2-1.1c1.2-0.1,2,0,2,0.3c0,0.3-0.1,0.5-1.6,0.4\tC206.4,12.9,204.6,13.5,204.5,13.4z\"\/>\n\t<path class=\"elementor-shape-fill\" d=\"M201,10.6c0-0.1-4.4,1.2-6.3,2.2c-1.9,0.9-6.2,3.1-6.1,3.1c0.1,0.1,4.2-1.6,6.3-2.6\tS201,10.7,201,10.6z\"\/>\n\t<path class=\"elementor-shape-fill\" d=\"M154.5,26.7c-0.1-0.1-4.6,0.3-7.2,0c-7.3-0.7-17-3.2-16.6-2.9c0.4,0.3,13.7,3.1,17,3.3\tC152.6,27.5,154.6,26.8,154.5,26.7z\"\/>\n\t<path class=\"elementor-shape-fill\" d=\"M41.9,19.3c0,0,1.2-0.3,2.9-0.1c1.7,0.2,5.8,0.9,8.2,0.7c4.2-0.4,7.4-2.7,7-2.6\tc-0.4,0-4.3,2.2-8.6,1.9c-1.8-0.1-5.1-0.5-6.7-0.4S41.9,19.3,41.9,19.3z\"\/>\n\t<path class=\"elementor-shape-fill\" d=\"M75.5,12.6c0.2,0.1,2-0.8,4.3-1.1c2.3-0.2,2.1-0.3,2.1-0.5c0-0.1-1.8-0.4-3.4,0\tC76.9,11.5,75.3,12.5,75.5,12.6z\"\/>\n\t<path class=\"elementor-shape-fill\" d=\"M15.6,13.2c0-0.1,4.3,0,6.7,0.5c2.4,0.5,5,1.9,5,2c0,0.1-2.7-0.8-5.1-1.4\tC19.9,13.7,15.7,13.3,15.6,13.2z\"\/>\n<\/svg>\t\t<\/div>\n\t\t\t\t<div class=\"elementor-shape elementor-shape-bottom\" aria-hidden=\"true\" data-negative=\"false\">\n\t\t\t<svg xmlns=\"http:\/\/www.w3.org\/2000\/svg\" viewBox=\"0 0 283.5 27.8\" preserveAspectRatio=\"none\">\n\t<path class=\"elementor-shape-fill\" d=\"M283.5,9.7c0,0-7.3,4.3-14,4.6c-6.8,0.3-12.6,0-20.9-1.5c-11.3-2-33.1-10.1-44.7-5.7\ts-12.1,4.6-18,7.4c-6.6,3.2-20,9.6-36.6,9.3C131.6,23.5,99.5,7.2,86.3,8c-1.4,0.1-6.6,0.8-10.5,2c-3.8,1.2-9.4,3.8-17,4.7\tc-3.2,0.4-8.3,1.1-14.2,0.9c-1.5-0.1-6.3-0.4-12-1.6c-5.7-1.2-11-3.1-15.8-3.7C6.5,9.2,0,10.8,0,10.8V0h283.5V9.7z M260.8,11.3\tc-0.7-1-2-0.4-4.3-0.4c-2.3,0-6.1-1.2-5.8-1.1c0.3,0.1,3.1,1.5,6,1.9C259.7,12.2,261.4,12.3,260.8,11.3z M242.4,8.6\tc0,0-2.4-0.2-5.6-0.9c-3.2-0.8-10.3-2.8-15.1-3.5c-8.2-1.1-15.8,0-15.1,0.1c0.8,0.1,9.6-0.6,17.6,1.1c3.3,0.7,9.3,2.2,12.4,2.7\tC239.9,8.7,242.4,8.6,242.4,8.6z M185.2,8.5c1.7-0.7-13.3,4.7-18.5,6.1c-2.1,0.6-6.2,1.6-10,2c-3.9,0.4-8.9,0.4-8.8,0.5\tc0,0.2,5.8,0.8,11.2,0c5.4-0.8,5.2-1.1,7.6-1.6C170.5,14.7,183.5,9.2,185.2,8.5z M199.1,6.9c0.2,0-0.8-0.4-4.8,1.1\tc-4,1.5-6.7,3.5-6.9,3.7c-0.2,0.1,3.5-1.8,6.6-3C197,7.5,199,6.9,199.1,6.9z M283,6c-0.1,0.1-1.9,1.1-4.8,2.5s-6.9,2.8-6.7,2.7\tc0.2,0,3.5-0.6,7.4-2.5C282.8,6.8,283.1,5.9,283,6z M31.3,11.6c0.1-0.2-1.9-0.2-4.5-1.2s-5.4-1.6-7.8-2C15,7.6,7.3,8.5,7.7,8.6\tC8,8.7,15.9,8.3,20.2,9.3c2.2,0.5,2.4,0.5,5.7,1.6S31.2,11.9,31.3,11.6z M73,9.2c0.4-0.1,3.5-1.6,8.4-2.6c4.9-1.1,8.9-0.5,8.9-0.8\tc0-0.3-1-0.9-6.2-0.3S72.6,9.3,73,9.2z M71.6,6.7C71.8,6.8,75,5.4,77.3,5c2.3-0.3,1.9-0.5,1.9-0.6c0-0.1-1.1-0.2-2.7,0.2\tC74.8,5.1,71.4,6.6,71.6,6.7z M93.6,4.4c0.1,0.2,3.5,0.8,5.6,1.8c2.1,1,1.8,0.6,1.9,0.5c0.1-0.1-0.8-0.8-2.4-1.3\tC97.1,4.8,93.5,4.2,93.6,4.4z M65.4,11.1c-0.1,0.3,0.3,0.5,1.9-0.2s2.6-1.3,2.2-1.2s-0.9,0.4-2.5,0.8C65.3,10.9,65.5,10.8,65.4,11.1\tz M34.5,12.4c-0.2,0,2.1,0.8,3.3,0.9c1.2,0.1,2,0.1,2-0.2c0-0.3-0.1-0.5-1.6-0.4C36.6,12.8,34.7,12.4,34.5,12.4z M152.2,21.1\tc-0.1,0.1-2.4-0.3-7.5-0.3c-5,0-13.6-2.4-17.2-3.5c-3.6-1.1,10,3.9,16.5,4.1C150.5,21.6,152.3,21,152.2,21.1z\"\/>\n\t<path class=\"elementor-shape-fill\" d=\"M269.6,18c-0.1-0.1-4.6,0.3-7.2,0c-7.3-0.7-17-3.2-16.6-2.9c0.4,0.3,13.7,3.1,17,3.3\tC267.7,18.8,269.7,18,269.6,18z\"\/>\n\t<path class=\"elementor-shape-fill\" d=\"M227.4,9.8c-0.2-0.1-4.5-1-9.5-1.2c-5-0.2-12.7,0.6-12.3,0.5c0.3-0.1,5.9-1.8,13.3-1.2\tS227.6,9.9,227.4,9.8z\"\/>\n\t<path class=\"elementor-shape-fill\" d=\"M204.5,13.4c-0.1-0.1,2-1,3.2-1.1c1.2-0.1,2,0,2,0.3c0,0.3-0.1,0.5-1.6,0.4\tC206.4,12.9,204.6,13.5,204.5,13.4z\"\/>\n\t<path class=\"elementor-shape-fill\" d=\"M201,10.6c0-0.1-4.4,1.2-6.3,2.2c-1.9,0.9-6.2,3.1-6.1,3.1c0.1,0.1,4.2-1.6,6.3-2.6\tS201,10.7,201,10.6z\"\/>\n\t<path class=\"elementor-shape-fill\" d=\"M154.5,26.7c-0.1-0.1-4.6,0.3-7.2,0c-7.3-0.7-17-3.2-16.6-2.9c0.4,0.3,13.7,3.1,17,3.3\tC152.6,27.5,154.6,26.8,154.5,26.7z\"\/>\n\t<path class=\"elementor-shape-fill\" d=\"M41.9,19.3c0,0,1.2-0.3,2.9-0.1c1.7,0.2,5.8,0.9,8.2,0.7c4.2-0.4,7.4-2.7,7-2.6\tc-0.4,0-4.3,2.2-8.6,1.9c-1.8-0.1-5.1-0.5-6.7-0.4S41.9,19.3,41.9,19.3z\"\/>\n\t<path class=\"elementor-shape-fill\" d=\"M75.5,12.6c0.2,0.1,2-0.8,4.3-1.1c2.3-0.2,2.1-0.3,2.1-0.5c0-0.1-1.8-0.4-3.4,0\tC76.9,11.5,75.3,12.5,75.5,12.6z\"\/>\n\t<path class=\"elementor-shape-fill\" d=\"M15.6,13.2c0-0.1,4.3,0,6.7,0.5c2.4,0.5,5,1.9,5,2c0,0.1-2.7-0.8-5.1-1.4\tC19.9,13.7,15.7,13.3,15.6,13.2z\"\/>\n<\/svg>\t\t<\/div>\n\t\t\t\t\t<div class=\"elementor-container elementor-column-gap-default\">\n\t\t\t\t\t<div class=\"elementor-column elementor-col-100 elementor-top-column elementor-element elementor-element-de0454d\" data-id=\"de0454d\" data-element_type=\"column\" data-e-type=\"column\">\n\t\t\t<div class=\"elementor-widget-wrap elementor-element-populated\">\n\t\t\t\t\t\t<div class=\"elementor-element elementor-element-867d562 elementor-widget elementor-widget-spacer\" data-id=\"867d562\" data-element_type=\"widget\" data-e-type=\"widget\" data-widget_type=\"spacer.default\">\n\t\t\t\t<div class=\"elementor-widget-container\">\n\t\t\t\t\t\t\t<div class=\"elementor-spacer\">\n\t\t\t<div class=\"elementor-spacer-inner\"><\/div>\n\t\t<\/div>\n\t\t\t\t\t\t<\/div>\n\t\t\t\t<\/div>\n\t\t\t\t<div class=\"elementor-element elementor-element-57f48e1 elementor-widget elementor-widget-heading\" data-id=\"57f48e1\" data-element_type=\"widget\" data-e-type=\"widget\" data-widget_type=\"heading.default\">\n\t\t\t\t<div class=\"elementor-widget-container\">\n\t\t\t\t\t<h2 class=\"elementor-heading-title elementor-size-default\">cafeteras<\/h2>\t\t\t\t<\/div>\n\t\t\t\t<\/div>\n\t\t\t\t<div class=\"elementor-element elementor-element-1d4a1d9 elementor-widget elementor-widget-spacer\" data-id=\"1d4a1d9\" data-element_type=\"widget\" data-e-type=\"widget\" data-widget_type=\"spacer.default\">\n\t\t\t\t<div class=\"elementor-widget-container\">\n\t\t\t\t\t\t\t<div class=\"elementor-spacer\">\n\t\t\t<div class=\"elementor-spacer-inner\"><\/div>\n\t\t<\/div>\n\t\t\t\t\t\t<\/div>\n\t\t\t\t<\/div>\n\t\t\t\t\t<\/div>\n\t\t<\/div>\n\t\t\t\t\t<\/div>\n\t\t<\/section>\n\t\t\t\t<section class=\"elementor-section elementor-top-section elementor-element elementor-element-b548a4a elementor-section-boxed elementor-section-height-default elementor-section-height-default\" data-id=\"b548a4a\" data-element_type=\"section\" data-e-type=\"section\">\n\t\t\t\t\t\t<div class=\"elementor-container elementor-column-gap-default\">\n\t\t\t\t\t<div class=\"elementor-column elementor-col-100 elementor-top-column elementor-element elementor-element-30e1ebc\" data-id=\"30e1ebc\" data-element_type=\"column\" data-e-type=\"column\">\n\t\t\t<div class=\"elementor-widget-wrap elementor-element-populated\">\n\t\t\t\t\t\t<div class=\"elementor-element elementor-element-861ad20 elementor-widget elementor-widget-spacer\" data-id=\"861ad20\" data-element_type=\"widget\" data-e-type=\"widget\" data-widget_type=\"spacer.default\">\n\t\t\t\t<div class=\"elementor-widget-container\">\n\t\t\t\t\t\t\t<div class=\"elementor-spacer\">\n\t\t\t<div class=\"elementor-spacer-inner\"><\/div>\n\t\t<\/div>\n\t\t\t\t\t\t<\/div>\n\t\t\t\t<\/div>\n\t\t\t\t<div class=\"elementor-element elementor-element-0bbf557 elementor-widget elementor-widget-text-editor\" data-id=\"0bbf557\" data-element_type=\"widget\" data-e-type=\"widget\" data-widget_type=\"text-editor.default\">\n\t\t\t\t<div class=\"elementor-widget-container\">\n\t\t\t\t\t\t\t\t\t<p>Los a\u00f1os pasan pero las buenas costumbres no se pierden. Escoger una buena\u00a0<strong>cafetera vintage<\/strong>\u00a0dotar\u00e1 a nuestro hogar, de un toque\u00a0<strong>retro<\/strong>, junto con el contraste\u00a0<strong>moderno<\/strong>\u00a0que tanto se lleva, con el que nuestros invitados quedar\u00e1n asombrados.<\/p><p>Aqu\u00ed, en\u00a0<strong>New Vintage<\/strong>, te mostramos\u00a0<strong>las mejores<\/strong>\u00a0cafeteras vintage para este a\u00f1o\u00a0<strong>2023<\/strong>. Recalcando la que es, sin lugar a duda la\u00a0<strong>mejor<\/strong>\u00a0cafetera vintage\u00a0<strong>calidad precio.<\/strong><\/p><p>Las cafeteras vintage son m\u00e1s que una simple herramienta para hacer caf\u00e9: son una\u00a0<strong>declaraci\u00f3n de estilo y personalidad<\/strong>. Con sus detalles cuidadosamente dise\u00f1ados y su encanto\u00a0<strong>nost\u00e1lgico<\/strong>, estas cafeteras son la elecci\u00f3n perfecta para aquellos que buscan darle a su cocina un toque de\u00a0<strong>distinci\u00f3n<\/strong>.<\/p><p>Adem\u00e1s de su atractivo visual, las cafeteras vintage tambi\u00e9n ofrecen una experiencia de caf\u00e9\u00a0<strong>diferente<\/strong>\u00a0a la de las m\u00e1quinas modernas. Al usar\u00a0<strong>m\u00e9todos de preparaci\u00f3n tradicionales<\/strong>, como la infusi\u00f3n por goteo o la percolaci\u00f3n, estas cafeteras producen un caf\u00e9 con un\u00a0<strong>sabor m\u00e1s completo<\/strong>\u00a0y aut\u00e9ntico, que\u00a0<strong>no puede ser replicado<\/strong>\u00a0por las m\u00e1quinas de caf\u00e9 modernas.<\/p>\t\t\t\t\t\t\t\t<\/div>\n\t\t\t\t<\/div>\n\t\t\t\t\t<\/div>\n\t\t<\/div>\n\t\t\t\t\t<\/div>\n\t\t<\/section>\n\t\t\t\t<section class=\"elementor-section elementor-top-section elementor-element elementor-element-90720f9 elementor-section-boxed elementor-section-height-default elementor-section-height-default\" data-id=\"90720f9\" data-element_type=\"section\" data-e-type=\"section\">\n\t\t\t\t\t\t<div class=\"elementor-container elementor-column-gap-default\">\n\t\t\t\t\t<div class=\"elementor-column elementor-col-100 elementor-top-column elementor-element elementor-element-0c04e4a\" data-id=\"0c04e4a\" data-element_type=\"column\" data-e-type=\"column\">\n\t\t\t<div class=\"elementor-widget-wrap elementor-element-populated\">\n\t\t\t\t\t\t<div class=\"elementor-element elementor-element-1e3d600 elementor-widget elementor-widget-shortcode\" data-id=\"1e3d600\" data-element_type=\"widget\" data-e-type=\"widget\" data-widget_type=\"shortcode.default\">\n\t\t\t\t<div class=\"elementor-widget-container\">\n\t\t\t\t\t\t\t<div class=\"elementor-shortcode\"><p >No se han encontrado productos.<\/p><\/div>\n\t\t\t\t\t\t<\/div>\n\t\t\t\t<\/div>\n\t\t\t\t\t<\/div>\n\t\t<\/div>\n\t\t\t\t\t<\/div>\n\t\t<\/section>\n\t\t\t\t<\/div>\n\t\t","protected":false},"excerpt":{"rendered":"<p>cafeteras Los a\u00f1os pasan pero las buenas costumbres no se pierden. Escoger una buena\u00a0cafetera vintage\u00a0dotar\u00e1 a nuestro hogar, de un toque\u00a0retro, junto con el contraste\u00a0moderno\u00a0que tanto se lleva, con el que nuestros invitados quedar\u00e1n asombrados. Aqu\u00ed, en\u00a0New Vintage, te mostramos\u00a0las mejores\u00a0cafeteras vintage para este a\u00f1o\u00a02023. Recalcando la que es, sin lugar a duda la\u00a0mejor\u00a0cafetera vintage\u00a0calidad [&hellip;]<\/p>\n","protected":false},"author":1,"featured_media":0,"parent":0,"menu_order":0,"comment_status":"closed","ping_status":"closed","template":"","meta":{"site-sidebar-layout":"no-sidebar","site-content-layout":"page-builder","ast-site-content-layout":"default","site-content-style":"default","site-sidebar-style":"default","ast-global-header-display":"","ast-banner-title-visibility":"","ast-main-header-display":"","ast-hfb-above-header-display":"","ast-hfb-below-header-display":"","ast-hfb-mobile-header-display":"","site-post-title":"disabled","ast-breadcrumbs-content":"","ast-featured-img":"disabled","footer-sml-layout":"","ast-disable-related-posts":"","theme-transparent-header-meta":"","adv-header-id-meta":"","stick-header-meta":"","header-above-stick-meta":"","header-main-stick-meta":"","header-below-stick-meta":"","astra-migrate-meta-layouts":"default","ast-page-background-enabled":"default","ast-page-background-meta":{"desktop":{"background-color":"var(--ast-global-color-4)","background-image":"","background-repeat":"repeat","background-position":"center center","background-size":"auto","background-attachment":"scroll","background-type":"","background-media":"","overlay-type":"","overlay-color":"","overlay-opacity":"","overlay-gradient":""},"tablet":{"background-color":"","background-image":"","background-repeat":"repeat","background-position":"center center","background-size":"auto","background-attachment":"scroll","background-type":"","background-media":"","overlay-type":"","overlay-color":"","overlay-opacity":"","overlay-gradient":""},"mobile":{"background-color":"","background-image":"","background-repeat":"repeat","background-position":"center center","background-size":"auto","background-attachment":"scroll","background-type":"","background-media":"","overlay-type":"","overlay-color":"","overlay-opacity":"","overlay-gradient":""}},"ast-content-background-meta":{"desktop":{"background-color":"var(--ast-global-color-5)","background-image":"","background-repeat":"repeat","background-position":"center center","background-size":"auto","background-attachment":"scroll","background-type":"","background-media":"","overlay-type":"","overlay-color":"","overlay-opacity":"","overlay-gradient":""},"tablet":{"background-color":"var(--ast-global-color-5)","background-image":"","background-repeat":"repeat","background-position":"center center","background-size":"auto","background-attachment":"scroll","background-type":"","background-media":"","overlay-type":"","overlay-color":"","overlay-opacity":"","overlay-gradient":""},"mobile":{"background-color":"var(--ast-global-color-5)","background-image":"","background-repeat":"repeat","background-position":"center center","background-size":"auto","background-attachment":"scroll","background-type":"","background-media":"","overlay-type":"","overlay-color":"","overlay-opacity":"","overlay-gradient":""}},"footnotes":""},"class_list":["post-673","page","type-page","status-publish","hentry"],"yoast_head":"<!-- This site is optimized with the Yoast SEO Premium plugin v22.1 (Yoast SEO v27.4) - https:\/\/yoast.com\/product\/yoast-seo-premium-wordpress\/ -->\n<title>Cocina Vintage - Cafeteras - New Vintage<\/title>\n<meta name=\"robots\" content=\"index, follow, max-snippet:-1, max-image-preview:large, max-video-preview:-1\" \/>\n<link rel=\"canonical\" href=\"https:\/\/whitesmoke-woodcock-628086.hostingersite.com\/index.php\/cocina-vintage-cafeteras\/\" \/>\n<meta property=\"og:locale\" content=\"es_ES\" \/>\n<meta property=\"og:type\" content=\"article\" \/>\n<meta property=\"og:title\" content=\"Cocina Vintage - Cafeteras\" \/>\n<meta property=\"og:description\" content=\"cafeteras Los a\u00f1os pasan pero las buenas costumbres no se pierden. Escoger una buena\u00a0cafetera vintage\u00a0dotar\u00e1 a nuestro hogar, de un toque\u00a0retro, junto con el contraste\u00a0moderno\u00a0que tanto se lleva, con el que nuestros invitados quedar\u00e1n asombrados. Aqu\u00ed, en\u00a0New Vintage, te mostramos\u00a0las mejores\u00a0cafeteras vintage para este a\u00f1o\u00a02023. Recalcando la que es, sin lugar a duda la\u00a0mejor\u00a0cafetera vintage\u00a0calidad [&hellip;]\" \/>\n<meta property=\"og:url\" content=\"https:\/\/whitesmoke-woodcock-628086.hostingersite.com\/index.php\/cocina-vintage-cafeteras\/\" \/>\n<meta property=\"og:site_name\" content=\"New Vintage\" \/>\n<meta property=\"article:modified_time\" content=\"2024-04-17T17:50:45+00:00\" \/>\n<meta name=\"twitter:card\" content=\"summary_large_image\" \/>\n<meta name=\"twitter:label1\" content=\"Tiempo de lectura\" \/>\n\t<meta name=\"twitter:data1\" content=\"1 minuto\" \/>\n<script type=\"application\/ld+json\" class=\"yoast-schema-graph\">{\"@context\":\"https:\\\/\\\/schema.org\",\"@graph\":[{\"@type\":\"WebPage\",\"@id\":\"https:\\\/\\\/whitesmoke-woodcock-628086.hostingersite.com\\\/index.php\\\/cocina-vintage-cafeteras\\\/\",\"url\":\"https:\\\/\\\/whitesmoke-woodcock-628086.hostingersite.com\\\/index.php\\\/cocina-vintage-cafeteras\\\/\",\"name\":\"Cocina Vintage - Cafeteras - New Vintage\",\"isPartOf\":{\"@id\":\"https:\\\/\\\/whitesmoke-woodcock-628086.hostingersite.com\\\/#website\"},\"datePublished\":\"2023-06-27T08:38:02+00:00\",\"dateModified\":\"2024-04-17T17:50:45+00:00\",\"breadcrumb\":{\"@id\":\"https:\\\/\\\/whitesmoke-woodcock-628086.hostingersite.com\\\/index.php\\\/cocina-vintage-cafeteras\\\/#breadcrumb\"},\"inLanguage\":\"es\",\"potentialAction\":[{\"@type\":\"ReadAction\",\"target\":[\"https:\\\/\\\/whitesmoke-woodcock-628086.hostingersite.com\\\/index.php\\\/cocina-vintage-cafeteras\\\/\"]}]},{\"@type\":\"BreadcrumbList\",\"@id\":\"https:\\\/\\\/whitesmoke-woodcock-628086.hostingersite.com\\\/index.php\\\/cocina-vintage-cafeteras\\\/#breadcrumb\",\"itemListElement\":[{\"@type\":\"ListItem\",\"position\":1,\"name\":\"Portada\",\"item\":\"https:\\\/\\\/whitesmoke-woodcock-628086.hostingersite.com\\\/\"},{\"@type\":\"ListItem\",\"position\":2,\"name\":\"Cocina Vintage &#8211; Cafeteras\"}]},{\"@type\":\"WebSite\",\"@id\":\"https:\\\/\\\/whitesmoke-woodcock-628086.hostingersite.com\\\/#website\",\"url\":\"https:\\\/\\\/whitesmoke-woodcock-628086.hostingersite.com\\\/\",\"name\":\"New Vintage\",\"description\":\"Descubre la belleza de lo vintage reinventado\",\"publisher\":{\"@id\":\"https:\\\/\\\/whitesmoke-woodcock-628086.hostingersite.com\\\/#\\\/schema\\\/person\\\/504c0635e41124326b756871247fb151\"},\"potentialAction\":[{\"@type\":\"SearchAction\",\"target\":{\"@type\":\"EntryPoint\",\"urlTemplate\":\"https:\\\/\\\/whitesmoke-woodcock-628086.hostingersite.com\\\/?s={search_term_string}\"},\"query-input\":{\"@type\":\"PropertyValueSpecification\",\"valueRequired\":true,\"valueName\":\"search_term_string\"}}],\"inLanguage\":\"es\"},{\"@type\":[\"Person\",\"Organization\"],\"@id\":\"https:\\\/\\\/whitesmoke-woodcock-628086.hostingersite.com\\\/#\\\/schema\\\/person\\\/504c0635e41124326b756871247fb151\",\"name\":\"zor75\",\"image\":{\"@type\":\"ImageObject\",\"inLanguage\":\"es\",\"@id\":\"https:\\\/\\\/newvintage.es\\\/wp-content\\\/uploads\\\/2024\\\/04\\\/NwV-logo.png\",\"url\":\"https:\\\/\\\/newvintage.es\\\/wp-content\\\/uploads\\\/2024\\\/04\\\/NwV-logo.png\",\"contentUrl\":\"https:\\\/\\\/newvintage.es\\\/wp-content\\\/uploads\\\/2024\\\/04\\\/NwV-logo.png\",\"width\":222,\"height\":221,\"caption\":\"zor75\"},\"logo\":{\"@id\":\"https:\\\/\\\/newvintage.es\\\/wp-content\\\/uploads\\\/2024\\\/04\\\/NwV-logo.png\"}}]}<\/script>\n<!-- \/ Yoast SEO Premium plugin. -->","yoast_head_json":{"title":"Cocina Vintage - Cafeteras - New Vintage","robots":{"index":"index","follow":"follow","max-snippet":"max-snippet:-1","max-image-preview":"max-image-preview:large","max-video-preview":"max-video-preview:-1"},"canonical":"https:\/\/whitesmoke-woodcock-628086.hostingersite.com\/index.php\/cocina-vintage-cafeteras\/","og_locale":"es_ES","og_type":"article","og_title":"Cocina Vintage - Cafeteras","og_description":"cafeteras Los a\u00f1os pasan pero las buenas costumbres no se pierden. Escoger una buena\u00a0cafetera vintage\u00a0dotar\u00e1 a nuestro hogar, de un toque\u00a0retro, junto con el contraste\u00a0moderno\u00a0que tanto se lleva, con el que nuestros invitados quedar\u00e1n asombrados. Aqu\u00ed, en\u00a0New Vintage, te mostramos\u00a0las mejores\u00a0cafeteras vintage para este a\u00f1o\u00a02023. Recalcando la que es, sin lugar a duda la\u00a0mejor\u00a0cafetera vintage\u00a0calidad [&hellip;]","og_url":"https:\/\/whitesmoke-woodcock-628086.hostingersite.com\/index.php\/cocina-vintage-cafeteras\/","og_site_name":"New Vintage","article_modified_time":"2024-04-17T17:50:45+00:00","twitter_card":"summary_large_image","twitter_misc":{"Tiempo de lectura":"1 minuto"},"schema":{"@context":"https:\/\/schema.org","@graph":[{"@type":"WebPage","@id":"https:\/\/whitesmoke-woodcock-628086.hostingersite.com\/index.php\/cocina-vintage-cafeteras\/","url":"https:\/\/whitesmoke-woodcock-628086.hostingersite.com\/index.php\/cocina-vintage-cafeteras\/","name":"Cocina Vintage - Cafeteras - New Vintage","isPartOf":{"@id":"https:\/\/whitesmoke-woodcock-628086.hostingersite.com\/#website"},"datePublished":"2023-06-27T08:38:02+00:00","dateModified":"2024-04-17T17:50:45+00:00","breadcrumb":{"@id":"https:\/\/whitesmoke-woodcock-628086.hostingersite.com\/index.php\/cocina-vintage-cafeteras\/#breadcrumb"},"inLanguage":"es","potentialAction":[{"@type":"ReadAction","target":["https:\/\/whitesmoke-woodcock-628086.hostingersite.com\/index.php\/cocina-vintage-cafeteras\/"]}]},{"@type":"BreadcrumbList","@id":"https:\/\/whitesmoke-woodcock-628086.hostingersite.com\/index.php\/cocina-vintage-cafeteras\/#breadcrumb","itemListElement":[{"@type":"ListItem","position":1,"name":"Portada","item":"https:\/\/whitesmoke-woodcock-628086.hostingersite.com\/"},{"@type":"ListItem","position":2,"name":"Cocina Vintage &#8211; Cafeteras"}]},{"@type":"WebSite","@id":"https:\/\/whitesmoke-woodcock-628086.hostingersite.com\/#website","url":"https:\/\/whitesmoke-woodcock-628086.hostingersite.com\/","name":"New Vintage","description":"Descubre la belleza de lo vintage reinventado","publisher":{"@id":"https:\/\/whitesmoke-woodcock-628086.hostingersite.com\/#\/schema\/person\/504c0635e41124326b756871247fb151"},"potentialAction":[{"@type":"SearchAction","target":{"@type":"EntryPoint","urlTemplate":"https:\/\/whitesmoke-woodcock-628086.hostingersite.com\/?s={search_term_string}"},"query-input":{"@type":"PropertyValueSpecification","valueRequired":true,"valueName":"search_term_string"}}],"inLanguage":"es"},{"@type":["Person","Organization"],"@id":"https:\/\/whitesmoke-woodcock-628086.hostingersite.com\/#\/schema\/person\/504c0635e41124326b756871247fb151","name":"zor75","image":{"@type":"ImageObject","inLanguage":"es","@id":"https:\/\/newvintage.es\/wp-content\/uploads\/2024\/04\/NwV-logo.png","url":"https:\/\/newvintage.es\/wp-content\/uploads\/2024\/04\/NwV-logo.png","contentUrl":"https:\/\/newvintage.es\/wp-content\/uploads\/2024\/04\/NwV-logo.png","width":222,"height":221,"caption":"zor75"},"logo":{"@id":"https:\/\/newvintage.es\/wp-content\/uploads\/2024\/04\/NwV-logo.png"}}]}},"_hostinger_reach_plugin_has_subscription_block":false,"_hostinger_reach_plugin_is_elementor":false,"_links":{"self":[{"href":"https:\/\/newvintage.es\/index.php\/wp-json\/wp\/v2\/pages\/673","targetHints":{"allow":["GET"]}}],"collection":[{"href":"https:\/\/newvintage.es\/index.php\/wp-json\/wp\/v2\/pages"}],"about":[{"href":"https:\/\/newvintage.es\/index.php\/wp-json\/wp\/v2\/types\/page"}],"author":[{"embeddable":true,"href":"https:\/\/newvintage.es\/index.php\/wp-json\/wp\/v2\/users\/1"}],"replies":[{"embeddable":true,"href":"https:\/\/newvintage.es\/index.php\/wp-json\/wp\/v2\/comments?post=673"}],"version-history":[{"count":32,"href":"https:\/\/newvintage.es\/index.php\/wp-json\/wp\/v2\/pages\/673\/revisions"}],"predecessor-version":[{"id":1845,"href":"https:\/\/newvintage.es\/index.php\/wp-json\/wp\/v2\/pages\/673\/revisions\/1845"}],"wp:attachment":[{"href":"https:\/\/newvintage.es\/index.php\/wp-json\/wp\/v2\/media?parent=673"}],"curies":[{"name":"wp","href":"https:\/\/api.w.org\/{rel}","templated":true}]}}